 -t + 2*t - 648 = -3*v. What is the highest common factor of v and 24?
24
Let c be (-10 - -8)/((-2)/220). Calculate the highest common divisor of 20 and c.
20
Let i be (-8 - 9)*(0 + 10)/(-2). Calculate the highest common divisor of i and 34.
17
Let b(u) = u - 8. Let j be b(12). Suppose 4*v = -6*w + w + 25, 0 = j*w + 4*v - 20. Let z = -3 + w. Calculate the greatest common factor of 2 and z.
2
Suppose 7*m - 130 = 2*m. Calculate the highest common divisor of m and 78.
26
Suppose -4*t = -t - 6. Let b be -4 + 30/(t + -1). What is the highest common factor of b and 13?
13
Suppose 7*y + 3*k = 3*y - 37, -2*y + k - 11 = 0. Let i(x) = -3*x - 1. Let d be i(y). Let n be 4/d - (-74)/5. What is the greatest common divisor of 6 and n?
3
Suppose -4*u + 12 = a + a, u + 4*a - 3 = 0. Suppose 4*q = -u*s + 2*s + 384, 0 = -s. Suppose 3*t = -t + q. What is the highest common divisor of t and 3?
3
Let b(f) = -f**3 - f**2 + 2*f - 1. Let a be b(-3). Calculate the highest common divisor of a and 33.
11
Suppose -n + 5 = -5*q, 6*q - 115 = -5*n + q. Let m = -1 + n. Calculate the greatest common divisor of m and 57.
19
Suppose 5*r - 4*y + 2*y + 16 = 0, -3*r + 5*y = 21. Let t be 2*(1 + r) - -23. Calculate the greatest common divisor of t and 84.
21
Let v be 1 + (-10)/(3 - 2). Let y be (-2)/v - 158/(-18). Let c be 62 - (4/(-1) - -3). Calculate the greatest common divisor of c and y.
9
Suppose -9 = -v - 0. Let k = 11 + v. Let n = 100 - k. Calculate the highest common factor of n and 32.
16
Let l(d) = -21*d - 1. Let s be l(-3). Suppose -v + s = -29. Calculate the greatest common factor of v and 13.
13
Let x be 5*(-2 - (-112)/20). What is the highest common divisor of 18 and x?
18
Let l be 2 + 0 + -1 + 43. Let q be ((-15)/6)/((-2)/l). Suppose 7*x = 97 + 57. Calculate the highest common factor of q and x.
11
Suppose 3*n = -0*n + 495. Suppose 5*r + 5*a - n = 0, 2*a = r + 4*r - 144. Let p be 2*-1 + (21 - -1). Calculate the highest common factor of r and p.
10
Suppose 2*o = -2*i - 4, -3*i - 11 = 4*o - 2. Let c be 0 + 2 - 3/o. Let p = 2 - -1. Calculate the greatest common factor of c and p.
3
Suppose 0 = p - 11 - 5. Let c be 27 + -3*(-2)/(-6). Let m = c - p. Calculate the highest common divisor of 110 and m.
10
Let f(c) = c**2 + 6*c - 2. Let q be f(-7). Let w be (2/3)/((-2)/(-6)). What is the greatest common divisor of w and q?
1
Let x(h) be the third derivative of 0 + 1/6*h**3 + 1/24*h**4 + 1/5*h**5 - 2*h**2 + 0*h. Let s be x(-1). What is the greatest common factor of 6 and s?
6
Suppose t + 2 = o - 11, -3*o = 3*t - 27. Suppose 2*m = 3*r - 31, -37 = -3*r - 3*m - m. What is the highest common divisor of r and o?
11
Suppose 3*o + o = -3*z + 28, z - 5*o + 16 = 0. Suppose z*q = 9 - 1. Suppose q*y - 24 = y. What is the greatest common factor of 6 and y?
6
Let l(s) = -s + 80. Let j be l(20). Calculate the highest common factor of 12 and j.
12
Let r be -6*(-10)/16 + 4/16. What is the highest common divisor of 3 and r?
1
Let w be (-30)/7*(-14)/3. Let k = 53 - w. What is the highest common factor of k and 11?
11
Let c = -26 + 28. Calculate the highest common divisor of 16 and c.
2
Let g(n) = -14*n + 9. Let x be g(-4). Calculate the greatest common divisor of 13 and x.
13
Let p(s) = s**2 - 3*s + 5. Suppose -3*m - 4*f + 35 = 0, f - 2*f - 20 = -5*m. Let j be p(m). What is the highest common divisor of j and 3?
3
Suppose 0 = -4*n + 53 + 27. What is the highest common divisor of 20 and n?
20
Let s = -3 - -3. Suppose s = 2*i - j - 16, 4*j = i - 4*i + 24. Suppose i*t - 360 = 3*t. Calculate the highest common divisor of t and 12.
12
Suppose 0 = -4*s - 5*v + 633, -4*s + 324 = v - 321. Suppose s = z + z. Let j = 12 - 3. What is the highest common divisor of j and z?
9
Let m(l) = -44*l**3 + l**2 - 1. Let g be m(-1). Suppose 5*x = 9*x - g. Let i be -2*(-2)/((-4)/(-121)). Calculate the greatest common divisor of i and x.
11
Let r be ((-4)/8 - 2)*-30. Calculate the highest common factor of r and 30.
15
Suppose -2*x + 2*y = 3*y - 4, 0 = x + 5*y - 2. What is the highest common divisor of x and 5?
1
Suppose 4*o - 1 = i + 8, 2*i - 3*o + 3 = 0. Let u(r) be the second derivative of 55*r**3/6 - r. Let m be u(i). What is the greatest common factor of m and 15?
15
Let q(i) = -i**3 + 3*i**2 + 7*i - 6. Let x be q(4). What is the greatest common factor of x and 9?
3
Let k be (2 + -14)*2/3. Let a = -37 - -32. Let r = a - k. What is the greatest common divisor of r and 2?
1
Let m be (-2)/(-13) - 388/(-13). Calculate the highest common divisor of m and 5.
5
Suppose 0 = 3*r + 2*r - 320. Calculate the highest common factor of r and 96.
32
Suppose -10 = 3*s - s, -i + 4*s = -24. Suppose 39 = -g + i*g. What is the greatest common factor of 91 and g?
13
Let c be 1/1 - (-21)/3. Let j be ((-576)/(-15))/((-3)/(-10)). Suppose -a = a - j. What is the highest common divisor of a and c?
8
Suppose 8 = -7*b + 43. Suppose 5*y + 5*f - 171 = 3*f, -3*y + 115 = -5*f. Calculate the greatest common factor of y and b.
5
Suppose -3*n + 594 = f, 3*f = n + 2*f - 198. Let h = 38 - 20. What is the highest common factor of h and n?
18
Let i(w) = 12*w + 5. Let z be i(6). Suppose -3 = c - 2*s, 3*s - s = -5*c + 45. Let h be c*(2 - (-1 - -2)). Calculate the greatest common factor of z and h.
7
Let r = 23 - 23. Let v be -3 - r - -33 - -3. Calculate the highest common factor of v and 11.
11
Let a = 49 + -41. Suppose -2*v = 3*w - 13, 3*v - 4*w = -1 - 5. What is the greatest common factor of a and v?
2
Let t = 21 + -5. Let q = 0 - t. Let o = q - -23. What is the greatest common factor of o and 1?
1
Let w = 855 - 567. Calculate the highest common divisor of w and 18.
18
Let t = 4 + -4. Suppose -4*m + 1782 = 2*v, -2*v + 2*m + 1794 = -t*v. Let r be v/15 - (-1)/3. Calculate the highest common divisor of r and 24.
12
Let c be (-8 + 11)/((-6)/(-8)). Calculate the highest common factor of c and 4.
4
Let i(y) = -5*y - 37. Let t be i(-9). Calculate the greatest common divisor of t and 32.
8
Let l(a) = 5*a**2 + 5*a. Let q be l(-3). Suppose 3*f + 2*f - 8 = y, 4*f - 16 = 0. Calculate the highest common divisor of y and q.
6
Let o = 11 + -2. Let l = 54 - o. What is the greatest common divisor of 9 and l?
9
Let z = -76 + 95. Calculate the highest common factor of z and 323.
19
Suppose g - 2*j = 9, 3*g = 7*j - 2*j + 23. Calculate the highest common divisor of 17 and g.
1
Let l(f) = f**2 + 3*f + 9. Let p(t) = t - 1. Let a(k) = l(k) + 6*p(k). Let j be a(-9). What is the highest common divisor of 1 and j?
1
Let m(t) = t**2 + 11*t. Let o be m(5). What is the highest common divisor of 16 and o?
16
Let w be 117/26*(-28)/(-6) + -5. Suppose 8*a - 3*s = 3*a + 120, 0 = 4*a + 4*s - 96. What is the greatest common divisor of a and w?
8
Suppose 0*j - 32 = -2*j. Suppose 2*k - j = 14. Suppose c - 175 = -3*d + 6*c, -d - c + 61 = 0. Calculate the greatest common factor of d and k.
15
Suppose 2*x = -f + 13, 2*f + 0*x - 16 = -2*x. Calculate the highest common factor of 24 and f.
3
Let u = 309 + -183. Suppose -4*s = -2*s - u. What is the highest common factor of s and 21?
21
Let g = -10 - -20. Calculate the highest common divisor of 90 and g.
10
Let p be 22 + (0 - -1) + -1. Let v be ((-1)/(-2))/(2/628). Suppose 0 = -3*i + 8 + v. Calculate the greatest common factor of p and i.
11
Let k(j) = 8*j + 1. Let g be k(10). Calculate the greatest common factor of 9 and g.
9
Let j(q) = -q. Let v be j(-9). Suppose -5*r + 6 = -v. Let k(c) = 3*c**2 - 2*c + 1. Let y be k(2). What is the greatest common divisor of y and r?
3
Let p(u) be the third derivative of u**4/8 + u**3/6 - 2*u**2. Let n be p(1). Calculate the greatest common factor of n and 44.
4
Let w be -4 + (6 - 4 - -138). Calculate the greatest common factor of w and 17.
17
Let c(o) = -19*o**3 - 2*o - 1. Suppose 3*b + 4 = 2*z + 18, -17 = z - 4*b. Let v be c(z). Calculate the greatest common divisor of 100 and v.
20
Suppose a + 3*z = -4*a + 116, -3*z + 6 = 0. What is the highest common divisor of a and 33?
11
Let j(k) = -k**2 + 14*k - 20. Let y be j(10). Calculate the greatest common factor of y and 140.
20
Let u = 10 + -11. Let v(w) = -18*w**3 + 3*w + 2. Let s be v(u). Calculate the highest common factor of s and 17.
17
Let x = -120 + 132. Calculate the greatest common factor of x and 1.
1
Let l = 0 - -1. Suppose -3*n = -n. Suppose 2 = 2*q - 